3
Let f(h) = 2*h**2 + 4*h + 2. Calculate f(-2).
2
Let x(c) = c**2 - 22*c + 50. Calculate x(19).
-7
Let p(w) = -w**2 - 22*w + 24. What is p(-23)?
1
Let a(b) = -b + 2. Calculate a(-4).
6
Let c(v) = -v**2 + 19*v - 2. Calculate c(16).
46
Let s(d) = d**3 - 2*d**2 + d. What is s(3)?
12
Let h(t) = t**2 - 8*t + 17. Determine h(11).
50
Let j(p) = -5*p - 82. Calculate j(-20).
18
Let w(k) = 24*k + 221. Calculate w(-9).
5
Let m(b) = -2*b**3 - 2*b**2 + b + 2. What is m(2)?
-20
Let h(o) = 6*o + 3. Give h(-6).
-33
Let o(w) = -16*w - 3. Calculate o(-1).
13
Let c(l) = l**3 - 16*l**2 + 53*l - 15. Calculate c(12).
45
Let s(z) = 24*z**2 + 2*z + 2. What is s(-1)?
24
Let s(o) = 26*o**3 - 4*o**2 - 3*o + 1. Calculate s(-1).
-26
Let k(i) = -5*i**2 - i + 1. Determine k(-2).
-17
Let l(v) = -2*v**2 - 3*v + 3. Calculate l(2).
-11
Let y(f) = -f**3 - 7*f**2 - f + 9. Calculate y(-6).
-21
Let w(s) = 2*s**2 + s + 1. What is w(-2)?
7
Let n(t) = t**3 - 28*t**2 - 58*t - 63. Calculate n(30).
-3
Let r(x) = 10*x + 3. Determine r(-4).
-37
Let k(i) = -i**2 - 65*i - 633. Calculate k(-53).
3
Let w(c) = c**3 - 10*c**2 + 14*c + 10. What is w(8)?
-6
Let m(x) = -x**2 - 9*x - 10. Give m(-8).
-2
Let z(l) = l**3 - 42*l**2 - 3*l + 113. Determine z(42).
-13
Let s(m) = m**3 - 13*m**2 + 24*m - 22. What is s(11)?
0
Let z(u) = -u**3 - 37*u**2 + u + 34. Calculate z(-37).
-3
Let z(b) = 20*b**3 + 2*b**2 - b. Give z(1).
21
Let d(w) = -w**2 - 24*w - 94. Determine d(-19).
1
Let k(y) = y**2 + 14*y + 9. What is k(-12)?
-15
Let k(r) = -4*r - 51. Determine k(-12).
-3
Let z(r) = r**3 - 9*r**2 + 9*r - 31. Give z(8).
-23
Let x(w) = -w**2 + 8*w - 12. Determine x(7).
-5
Let j(w) = 2*w**3 + 14*w**2 + 11*w - 4. Determine j(-6).
2
Let i(w) = -2*w + 2. Determine i(-8).
18
Let i(c) = -7*c**2 + c + 4. Calculate i(2).
-22
Let x(r) = -2*r**3 - 3*r**2 - 4*r - 4. What is x(-3)?
35
Let o(q) = -7*q - 9. What is o(-3)?
12
Let o(j) = -3*j**3 + j**2 - j + 1. What is o(1)?
-2
Let u(n) = -14*n - 202. Give u(-15).
8
Let c(d) = d + 20. Calculate c(-24).
-4
Let k(f) = -4*f**2 - 4. What is k(5)?
-104
Let x(t) = -2*t**2 + 12*t - 10. Calculate x(4).
6
Let a(o) = o**2 + 8*o - 4. What is a(-11)?
29
Let t(w) = -w**3 - w**2 - 3*w + 4. Determine t(2).
-14
Let x(z) = -z - 2. Give x(9).
-11
Let d(h) = h**3 + 10*h**2 - h - 7. Determine d(-10).
3
Let r(s) = s**2 - 22*s - 23. Calculate r(23).
0
Let t(m) = -m**3 + 6*m**2 - 4*m + 1. Determine t(6).
-23
Let g(q) = 2*q**2 + 9*q - 2. Give g(2).
24
Let d(p) = p**2 + 2*p + 3. Determine d(-3).
6
Let u(r) = -4*r**2 + 21*r + 57. What is u(7)?
8
Let b(k) = -2*k + 23. Determine b(12).
-1
Let d(u) = -u**3 - 26*u**2 - 50*u - 55. Determine d(-24).
-7
Let j(a) = 2*a**3 + 4*a**2 + 4*a + 3. Determine j(-2).
-5
Let m(s) = -2*s**2 + 33*s - 68. Give m(2).
-10
Let q(h) = -h**3 - 5*h**2 + 4*h + 18. Calculate q(-5).
-2
Let u(p) = 33*p - 174. Calculate u(5).
-9
Let r(m) = -2*m**2 + 34*m - 27. Give r(16).
5
Let i(j) = j**3 + 19*j**2 + 18*j - 5. Determine i(-18).
-5
Let h(x) = -21*x. What is h(-1)?
21
Let x(s) = 2*s**2 - 3*s - 5. Calculate x(-2).
9
Let q(t) = t**3 - 19*t**2 - 2*t - 26. Give q(19).
-64
Let t(x) = -x**2 + 2*x + 2. Calculate t(-5).
-33
Let a(v) = 2*v**3 - 22*v**2 - 4*v. Give a(11).
-44
Let h(s) = s - 67. Give h(10).
-57
Let t(y) = -y - 10. Calculate t(-13).
3
Let x(i) = 8*i - 15. Give x(2).
1
Let t(h) = -2*h**2 + 20*h - 20. Calculate t(10).
-20
Let f(k) = 7*k**2 + k - 3. What is f(2)?
27
Let i(k) = 23*k**3 - k. Determine i(1).
22
Let t(p) = -3*p + 14. What is t(3)?
5
Let b(d) = 8*d - 89. Determine b(13).
15
Let i(k) = k**3 - 6*k**2 - 4*k - 14. Give i(7).
7
Let x(s) = s**3 + 5*s**2 - 7*s - 21. Give x(-7).
-70
Let u(j) = j**3 - 22*j**2 + 28. What is u(22)?
28
Let v(c) = c**2 + 11*c + 18. Give v(-2).
0
Let m(x) = -3*x - 5. Give m(0).
-5
Let z(f) = -f**2 - 2*f + 4. Calculate z(-7).
-31
Let b(q) = -q**3 + 7*q**2 - 6*q - 8. What is b(6)?
-8
Let h(u) = u**2 + 5*u + 8. Determine h(-7).
22
Let a(i) = i**3 + 4*i**2 - 10*i + 11. What is a(-6)?
-1
Let h(k) = -k**3 - 5*k**2 + 2*k - 1. Determine h(-6).
23
Let h(d) = 2*d + 23. Give h(-6).
11
Let p(v) = -v**3 + 12*v**2 - 9*v - 4. Give p(11).
18
Let s(h) = 7*h - 38. Give s(6).
4
Let a(t) = -t**2 - 24*t - 109. Determine a(-18).
-1
Let z(k) = -k**2 + 5*k - 7. Calculate z(3).
-1
Let j(v) = v**3 - v**2 - v + 3. What is j(-3)?
-30
Let q(c) = c**2 + 3*c - 6. Give q(7).
64
Let v(o) = -2*o**2 - 32*o - 154. What is v(-6)?
-34
Let u(v) = 2*v + 9. What is u(-5)?
-1
Let k(o) = -3*o + 11. Give k(16).
-37
Let a(q) = -q**3 - q - 9. What is a(0)?
-9
Let j(p) = -6*p + 2. Determine j(-9).
56
Let w(k) = -2*k**3 + 10*k**2 - 11*k + 19. Calculate w(4).
7
Let r(h) = -10*h**2 - 50*h + 11. Calculate r(-5).
11
Let j(p) = -5*p**3 - 2*p**2 + 3*p + 6. Calculate j(-2).
32
Let r(t) = t - 2. Calculate r(-2).
-4
Let u(x) = -x + 5. Determine u(5).
0
Let z(m) = -m**3 - 9*m**2 - 11*m - 10. What is z(-8)?
14
Let c(q) = -9*q**3 + 3*q**2 + 3*q + 1. Calculate c(-1).
10
Let v(k) = k - 2. Calculate v(6).
4
Let j(v) = v**2 - 9*v - 9. What is j(8)?
-17
Let f(a) = -30*a + 17. Give f(1).
-13
Let x(n) = -n**3 + 12*n**2 - 20*n. What is x(10)?
0
Let j(i) = -i**3 + 9*i**2 + 3*i + 11. Give j(5).
126
Let a(m) = -3*m**2 - 10*m - 1. Determine a(-2).
7
Let a(t) = 22*t + 1. Calculate a(-1).
-21
Let y(v) = v**2 + 35*v + 65. Determine y(-29).
-109
Let h(f) = 6*f - 161. What is h(19)?
-47
Let s(z) = -z**3 - z**2 - 3*z - 40. What is s(0)?
-40
Let t(c) = -19*c + 13. Determine t(1).
-6
Let n(s) = -s**3 + 9*s**2 - 11*s + 9. Determine n(8).
-15
Let c(f) = -f**3 - 4*f**2 + 24*f - 19. What is c(-7)?
-40
Let s(t) = -t**3 - 7*t**2 + 16*t + 18. Calculate s(-8).
-46
Let s(r) = 3*r + 12. Give s(-6).
-6
Let l(s) = s**2 + 5*s - 52. Determine l(5).
-2
Let u(i) = i**2 + 13*i + 27. Give u(-8).
-13
Let s(j) = j**3 - 9*j**2 - 11*j + 25. What is s(10)?
15
Let l(c) = -4*c**3 - c**2 + 4*c - 4. Calculate l(1).
-5
Let l(h) = -h + 22. Calculate l(3).
19
Let w(l) = l**3 + 8*l**2 + 9*l - 15. Calculate w(-7).
-29
Let v(p) = p**3 - p**2 + p - 3. Calculate v(0).
-3
Let x(z) = 2*z - 3. Determine x(1).
-1
Let o(w) = -w**3 + 4*w**2 + 4*w - 5. Give o(5).
-10
Let z(y) = -y**3 - 32*y**2 - 33*y - 44. Give z(-31).
18
Let k(s) = s**2 - 13*s + 7. Calculate k(13).
7
Let z(b) = b**3 + 5*b**2 - 8*b - 14. Calculate z(-5).
26
Let u(c) = -4*c**2 - 26*c. Give u(-6).
12
Let v(o) = o**2 + 3*o - 8. Determine v(-5).
2
Let r(p) = 4*p + 35. Determine r(-4).
19
Let w(y) = y + 1. Give w(-12).
-11
Let c(v) = -v**2 - v - 2. What is c(0)?
-2
Let h(l) = l**3 - 9*l**2 + 5*l + 7. What is h(9)?
52
Let y(v) = 9*v - 1. Determine y(6).
53
Let z(q) = -q**2 - 34*q + 36. Determine z(-35).
1
Let k(t) = -t**2 + 24*t - 75. Give k(20).
5
Let d(s) = s**2 - 10*s + 13. Give d(4).
-11
Let z(d) = -2*d**2 + d + 2. Give z(2).
-4
Let z(a) = a - 8. Calculate z(6).
-2
Let c(s) = -s + 9. Calculate c(4).
5
Let w(k) = -k**2 + 4. Determine w(3).
-5
Let c(h) = h**2 - 7*h - 3. What is c(9)?
15
Let o(a) = -a**3 + 8*a**2 + a - 4. Determine o(8).
4
Let j(s) = 2*s. What is j(-3)?
-6
Let q(f) = -14*f**2 + 2*f - 1. Give q(1).
-13
Let w(a) = -3*a + 16. Calculate w(3).
7
Let d(f) = -33*f + 264. Calculate d(8).
0
Let g(m) = m**3 + 25*m**2 + 29*m + 7. Determine g(-24).
-113
Let o(u) = -u**3 - 5*u**2 + 6*u + 10. Give o(-6).
10
Let w(h) = -13*h - 84. Give w(0).
-84
Let q(p) = p**3 + 11*p**2 + 2*p + 10. Give q(-11).
-12
Let h(m) = -m**2 - m - 1. Determine h(-3).
-7
Let t(n) = n**3 + 20*n**2 + 24*n + 53. Determine t(-19).
-42
Let r(h) = h + 11. Calculate r(-12).
-1
Let n(f) = f**2 + 13*f - 8. Determine n(-14).
6
Let j(p) = -13*p + 108. What is j(8)?
4
Let a(z) = -z**3 - 7*z**2 + z + 5. Give a(-7).
-2
Let i(y) = y**2 - 10. Determine i(-7).
39
Let o(h) = -h**3 + h**2 + 10*h + 1. What is o(-3)?
7
Let u(d) = -d**2 - 10*d - 7. Determine u(-10).
-7
Let h(j) = j**3 - 14*j**2 + 6*j + 19. Give h(13).
-72
Let u(b) = 28*b - 40. Calculate u(4).
72
Let m(v) = v**2 - 3*v - 18. Give m(6).
0
Let j(k) = -k**3 + 7*k**2 - 11*k + 26. Give j(6).
-4
Let s(d) = -d**3 - 9*d**2 + 4*d - 13. What is s(-9)?
-49
Let q(j) = 2*j**2 - j + 3. What is q(0)?
3
Let d(z) = -z**3 + 7*z**2 + 11*z - 79. Determine d(7).
-2
Let t(j) = -2*j**3 - 21*j**2 - 11*j - 16. What is t(-10)?
-6
Let r(c) = c**2 + 2*c. Determine r(0).
0
Let c(b) = 5*b - 2. Calculate c(-9).
-47
Let i